en 17345 is divided by 25.
20
What is the remainder when 1160 is divided by 548?
64
Calculate the remainder when 14311 is divided by 398.
381
What is the remainder when 7199 is divided by 733?
602
What is the remainder when 19873 is divided by 9928?
17
Calculate the remainder when 197300 is divided by 1844.
1836
What is the remainder when 8514 is divided by 12?
6
Calculate the remainder when 407904 is divided by 1065.
9
Calculate the remainder when 1535 is divided by 20.
15
What is the remainder when 26418 is divided by 190?
8
What is the remainder when 5631 is divided by 64?
63
Calculate the remainder when 96405 is divided by 37.
20
Calculate the remainder when 7969 is divided by 380.
369
What is the remainder when 855391 is divided by 759?
757
What is the remainder when 1619 is divided by 187?
123
Calculate the remainder when 13698 is divided by 185.
8
What is the remainder when 6178062 is divided by 5?
2
What is the remainder when 3496 is divided by 1118?
142
Calculate the remainder when 60849 is divided by 20256.
81
What is the remainder when 62919 is divided by 874?
865
What is the remainder when 209134 is divided by 11618?
10
Calculate the remainder when 65208 is divided by 16300.
8
What is the remainder when 855457 is divided by 1238?
1237
What is the remainder when 110266 is divided by 24?
10
What is the remainder when 532354 is divided by 44?
42
What is the remainder when 38358 is divided by 532?
54
What is the remainder when 797 is divided by 265?
2
Calculate the remainder when 6047 is divided by 6033.
14
Calculate the remainder when 55116 is divided by 143.
61
Calculate the remainder when 994261 is divided by 994257.
4
What is the remainder when 11727 is divided by 1162?
107
Calculate the remainder when 148 is divided by 78.
70
Calculate the remainder when 889 is divided by 274.
67
Calculate the remainder when 2058328 is divided by 91.
90
Calculate the remainder when 67195 is divided by 56.
51
Calculate the remainder when 2969 is divided by 41.
17
What is the remainder when 165329 is divided by 138?
5
Calculate the remainder when 293317 is divided by 41.
3
What is the remainder when 69274 is divided by 11?
7
What is the remainder when 105138 is divided by 7?
5
What is the remainder when 29999 is divided by 60?
59
Calculate the remainder when 12949 is divided by 12701.
248
What is the remainder when 11819 is divided by 906?
41
What is the remainder when 2627 is divided by 188?
183
Calculate the remainder when 448202 is divided by 224094.
14
What is the remainder when 16360 is divided by 38?
20
What is the remainder when 3049062 is divided by 9?
6
Calculate the remainder when 97324 is divided by 1145.
1144
Calculate the remainder when 9783 is divided by 55.
48
Calculate the remainder when 9509 is divided by 634.
633
What is the remainder when 18152 is divided by 26?
4
What is the remainder when 19667 is divided by 6536?
59
Calculate the remainder when 1961 is divided by 1928.
33
What is the remainder when 104863 is divided by 1140?
1123
Calculate the remainder when 98285 is divided by 2520.
5
Calculate the remainder when 7746 is divided by 46.
18
What is the remainder when 6273 is divided by 2036?
165
Calculate the remainder when 31543 is divided by 810.
763
Calculate the remainder when 15629 is divided by 1115.
19
Calculate the remainder when 86357 is divided by 7.
5
What is the remainder when 63497 is divided by 136?
121
Calculate the remainder when 5268 is divided by 1711.
135
Calculate the remainder when 34387 is divided by 1719.
7
What is the remainder when 783 is divided by 8?
7
What is the remainder when 11363 is divided by 871?
40
Calculate the remainder when 6895 is divided by 412.
303
Calculate the remainder when 240 is divided by 105.
30
What is the remainder when 45017 is divided by 9002?
7
What is the remainder when 947 is divided by 164?
127
Calculate the remainder when 115707 is divided by 1543.
1525
Calculate the remainder when 32480 is divided by 10.
0
Calculate the remainder when 1708 is divided by 663.
382
Calculate the remainder when 708 is divided by 21.
15
What is the remainder when 15649 is divided by 3101?
144
What is the remainder when 546147 is divided by 10?
7
What is the remainder when 13220 is divided by 217?
200
Calculate the remainder when 6404627 is divided by 13.
8
What is the remainder when 6510 is divided by 879?
357
Calculate the remainder when 29632 is divided by 1097.
13
Calculate the remainder when 629 is divided by 329.
300
What is the remainder when 59628 is divided by 5?
3
What is the remainder when 189569 is divided by 1335?
1334
Calculate the remainder when 765299 is divided by 50.
49
Calculate the remainder when 18205 is divided by 9.
7
Calculate the remainder when 116568 is divided by 49.
46
What is the remainder when 13766 is divided by 13713?
53
Calculate the remainder when 4075 is divided by 367.
38
What is the remainder when 76005 is divided by 178?
177
Calculate the remainder when 61277 is divided by 80.
77
Calculate the remainder when 5422 is divided by 806.
586
Calculate the remainder when 59788 is divided by 5431.
47
Calculate the remainder when 2534 is divided by 1254.
26
What is the remainder when 4153764 is divided by 77?
76
Calculate the remainder when 224201 is divided by 22418.
21
Calculate the remainder when 1039 is divided by 729.
310
What is the remainder when 16576 is divided by 95?
46
What is the remainder when 17834 is divided by 435?
434
Calculate the remainder when 15520 is divided by 43.
40
Calculate the remainder when 818975 is divided by 31.
17
Calculate the remainder when 163786 is divided by 464.
458
Calculate the remainder when 22708 is divided by 649.
642
Calculate the remainder when 432202 is divided by 125.
77
What is the remainder when 72463 is divided by 1367?
12
What is the remainder when 8832 is divided by 679?
5
Calculate the remainder when 1359 is divided by 3.
0
What is the remainder when 5036 is divided by 173?
19
Calculate the remainder when 420399 is divided by 10.
9
Calculate the remainder when 284 is divided by 92.
8
What is the remainder when 30672 is divided by 444?
36
What is the remainder when 194058 is divided by 9?
0
What is the remainder when 3392 is divided by 188?
8
What is the remainder when 23639 is divided by 43?
32
Calculate the remainder when 40275 is divided by 629.
19
What is the remainder when 6373 is divided by 6?
1
What is the remainder when 1609 is divided by 2?
1
Calculate the remainder when 41404 is divided by 200.
4
What is the remainder when 18300 is divided by 38?
22
Calculate the remainder when 44639 is divided by 22318.
3
Calculate the remainder when 1329 is divided by 46.
41
What is the remainder when 258 is divided by 45?
33
Calculate the remainder when 3936 is divided by 188.
176
What is the remainder when 15127 is divided by 13?
8
What is the remainder when 19484 is divided by 1298?
14
What is the remainder when 14114 is divided by 94?
14
What is the remainder when 1633134 is divided by 1055?
1049
What is the remainder when 706459 is divided by 4334?
17
What is the remainder when 285 is divided by 59?
49
Calculate the remainder when 778 is divided by 130.
128
What is the remainder when 107674 is divided by 27?
25
Calculate the remainder when 5947 is divided by 2123.
1701
What is the remainder when 184963 is divided by 168?
163
Calculate the remainder when 117375 is divided by 112.
111
Calculate the remainder when 142124 is divided by 28412.
64
Calculate the remainder when 187942 is divided by 150.
142
Calculate the remainder when 715987 is divided by 637.
636
Calculate the remainder when 9122 is divided by 110.
102
What is the remainder when 609 is divided by 68?
65
What is the remainder when 3938 is divided by 381?
128
Calculate the remainder when 23289 is divided by 11518.
253
What is the remainder when 74238 is divided by 160?
158
What is the remainder when 97976 is divided by 36?
20
Calculate the remainder when 739593 is divided by 113.
8
What is the remainder when 221773 is divided by 52?
45
What is the remainder when 6267 is divided by 3133?
1
What is the remainder when 337385 is divided by 533?
529
What is the remainder when 1225 is divided by 387?
64
What is the remainder when 139398 is divided by 49?
42